NOAA Reports/Αναφορές NOAA

Select a Year or Month report
2024 > Jan Feb Mar Apr May Jun Jul Aug Sep Oct Nov Dec
2023 > Jan Feb Mar Apr May Jun Jul Aug Sep Oct Nov Dec
2022 > Jan Feb Mar Apr May Jun Jul Aug Sep Oct Nov Dec

Report for 2024 07
                   MONTHLY CLIMATOLOGICAL SUMMARY for JUL. 2024

NAME: ieramonihalepas   CITY: Iera Moni Halepas   STATE: Rerthimno 
ELEV:   465 m  LAT:  35 18' 00" N  LONG:  24 48' 00" E

                   TEMPERATURE (C), RAIN  (mm), WIND SPEED (km/hr)

                                      HEAT  COOL        AVG
    MEAN                              DEG   DEG         WIND                 DOM
DAY TEMP  HIGH   TIME   LOW    TIME   DAYS  DAYS  RAIN  SPEED HIGH   TIME    DIR
------------------------------------------------------------------------------------
 1  24.7  29.7   15:00  20.6    0:50   0.0   6.4   0.0   8.7  30.6   13:00     W
 2  28.7  34.3   16:05  23.1    0:55   0.0  10.4   0.0   6.8  27.4   16:30    NW
 3  26.7  31.4   12:55  21.9   23:40   0.0   8.3   0.0   8.5  37.0   15:25    NW
 4  23.8  27.2   16:10  20.6    5:00   0.0   5.4   0.0  10.1  40.2   13:55    NW
 5  22.3  26.7   14:55  18.9    7:50   0.0   3.9   5.0   5.0  24.1   13:30   WSW
 6  23.1  27.3   15:45  19.1    6:20   0.0   4.7   0.0   8.4  32.2   16:40     N
 7  23.0  26.5   16:25  20.3    6:55   0.0   4.7   0.0  10.9  33.8   11:50    NW
 8  24.7  28.4   15:40  21.1    1:00   0.0   6.4   0.0  11.3  35.4   13:20    NW
 9  25.7  29.3   16:15  22.5    5:55   0.0   7.4   0.0  13.2  37.0   13:45    NW
10  26.2  29.9   14:05  23.8   21:50   0.0   7.9   0.0  12.7  33.8   14:45    NW
11  26.6  30.1   14:30  23.6    5:55   0.0   8.2   0.0   9.5  35.4   13:30    NW
12  27.7  31.5   14:40  23.7    5:20   0.0   7.2   0.0   7.6  32.2   11:20     N
13
14
15
16
17
18
19
20
21
22
23
24
25
26
27
28
29
30
31
-------------------------------------------------------------------------------------
    25.3  34.3     2    18.9     5     0.0  80.9   5.0   9.4  40.2     4      NW

Max >=  32.0:  1
Max <=   0.0:  0
Min <=   0.0:  0
Min <= -18.0:  0
Max Rain: 5.00 ON 05/07/24
Days of Rain: 1 (> .2 mm) 1 (> 2 mm) 0 (> 20 mm)
Heat Base:  18.3  Cool Base:  18.3  Method: Integration